(-36)/(-14) is divided by 19.
18
Suppose -r + 2*r + 2*j = 2, 0 = 3*j + 9. Let w(z) = z**3 - 17*z**2 - 49*z + 25. Calculate the remainder when w(20) is divided by r.
5
Suppose -29*b = -24*b - 210. Suppose -h = 4*z - 6 - b, h = -z + 48. Let v = 4 + 3. Calculate the remainder when h is divided by v.
6
Let z = -614 - -596. What is the remainder when ((-742)/21)/(3/z) is divided by 24?
20
Suppose 0*m = 4*m + 4*s - 212, 0 = -2*m - 5*s + 97. Suppose 3*p - 58 = -2*l, -p - m - 88 = -4*l. What is the remainder when l is divided by 12?
11
Let i(d) = d**3 + 6*d**2 - 7*d + 14. Let u = 59 + -29. Let p be u/(-3 + 0) - (0 - 3). Calculate the remainder when i(p) is divided by 8.
6
Suppose -3*h - 4*p = -7*p - 42, -3*p + 14 = h. Suppose -h - 99 = -u. Let g = 2021 - 1992. What is the remainder when u is divided by g?
26
Let z = 120 + -12. What is the remainder when z is divided by (-1554)/333*-14*3/4?
10
Suppose 5*n - 119 = 80*c - 84*c, 2*c + 5*n - 67 = 0. What is the remainder when 98 is divided by c?
20
Let p(d) = -d**2 - 47*d - 208. Let o be p(-5). Suppose -o*w - t = -47, 2*t - 10 = 4*t. Calculate the remainder when 284 is divided by w.
24
Suppose a - 97 = 4*f, -47*a + 2*f - 274 = -49*a. Calculate the remainder when 295 is divided by a.
37
Let s(n) = -2*n**3 - 58*n**2 - 61*n - 125. What is the remainder when 65 is divided by s(-28)?
5
Suppose -2*n + 6*n - 476 = 5*y, 0 = 4*n + 2*y - 476. Suppose 4*g = n + 1021. Calculate the remainder when g is divided by 72.
69
Let y = 8089 + -7805. What is the remainder when 331 is divided by y?
47
Suppose -5*r - 4*a = -2047, -5*a + 0 + 15 = 0. Suppose r = 16*h - 169. What is the remainder when 119 is divided by h?
11
Let q = 3031 + -2990. What is the remainder when 186 is divided by q?
22
Suppose 4*s + 2*h - 282 = 56, 415 = 5*s + 4*h. Suppose c = -3 - 2, -2*b + c = -51. Calculate the remainder when s is divided by b.
18
Suppose 62 = -3*k + 224. Let c be 25/5 + -1 + 8. Let q = 2 + c. What is the remainder when k is divided by q?
12
Suppose 3*y = 5*x - 15, 8*x - 20 = 9*x + 4*y. Suppose x = 3*f - 23 - 481. Calculate the remainder when f is divided by 16.
8
Calculate the remainder when -11*(-6 + 1) - 19 is divided by 15.
6
Suppose -21*d - 4757 = -7653 - 12224. Calculate the remainder when d is divided by 62.
38
Let n = 14099 - 11815. Calculate the remainder when n is divided by 109.
104
Let w(r) = r**3 - 2*r**2 - 2*r + 4. Suppose 213 = 17*c - 74 - 36. Calculate the remainder when c is divided by w(3).
5
Let h(a) = a - 8. Let d be h(8). Let i = -247 + 249. Suppose 4*u + x - 6 = 0, i*u + 0*u + 4*x + 4 = d. What is the remainder when 27 is divided by u?
1
Let l(s) = -s**3 + 9*s**2 - 11*s - 15. Let d be l(5). Suppose -d*y + 27*y + 39 = 0. What is the remainder when y is divided by 60/(-6)*4/(-10)?
1
Let s be (-1 + 1 + 26)*2. Suppose 0 = 5*p - 25 + 200. Let w = p + s. Calculate the remainder when 33 is divided by w.
16
What is the remainder when 126 is divided by 8/(-16)*(507/(-12) - (-5)/20)?
0
Let s = -110 - -185. Let b(f) = -16*f**3 - 3*f**2 + 7*f + 7. What is the remainder when s is divided by b(-1)?
10
Suppose -57*d - 7015 = -80*d. Suppose -5*r - u = -95, 2*r - 3*u = -0*r + 21. What is the remainder when d is divided by r?
17
Suppose -178 = 65*i - 66*i. Calculate the remainder when i is divided by 38.
26
Let h be (9/6)/((-4)/8). Let q be 438/(-2)*7/h. Suppose 13*z + q = 1928. What is the remainder when z is divided by 14?
11
Let c = -4 - -331. Suppose -531 = -13*l + c. What is the remainder when 183 is divided by l?
51
Let o(c) = 30*c + 6. What is the remainder when (-9)/6*(-2608)/12 is divided by o(2)?
62
Let o(f) be the second derivative of -f**5/20 + f**4/12 + f**3/6 + 47*f**2/2 + 30*f. What is the remainder when o(0) is divided by 26?
21
Suppose 13*v = 4113 + 5298 + 2744. What is the remainder when v is divided by 18?
17
Let k(h) = -182*h - 1316. Calculate the remainder when k(-10) is divided by 27.
18
Let l = 2590 - 2337. What is the remainder when l is divided by 7?
1
Let u = 7827 + -6761. What is the remainder when u is divided by 33?
10
Let p = 13127 + -12556. What is the remainder when p is divided by 179?
34
Let g = 24865 + -24844. Calculate the remainder when 153 is divided by g.
6
Suppose 2*z - 40 = -8*v + 4*v, -2*z = -v - 20. What is the remainder when 281 is divided by 142/2*(-11 + z)?
68
Let b be (6/(-4) + 1)*-328 - -1. Let o = b + -119. What is the remainder when o is divided by 25?
21
Calculate the remainder when 81555/195 + (-30)/(-39) is divided by 15.
14
Let x be 0 + -2 - (2 - 940). What is the remainder when (-2)/(-5) - (3 - x/10) is divided by 93/6 + (-10)/(-4) + -2?
11
Suppose -4*a - 4*u + 412 = 0, 563*u - 559*u + 281 = 3*a. Calculate the remainder when 340 is divided by a.
43
Let a(u) = -u**3 - u**2 - 14*u + 39. Suppose -150*i = -143*i. Calculate the remainder when 116 is divided by a(i).
38
Let a(m) = m**2 + 25*m - 77. What is the remainder when a(-37) is divided by 181?
5
Calculate the remainder when (7 + -37)*-36*(-16)/(-40) is divided by 76.
52
Let k(r) = -r**3 + 10*r**2 + r - 7. Suppose 4*y - 78 = y. Calculate the remainder when k(8) is divided by y.
25
Let g(t) = -t - 139. Let f be g(-9). Let p = f + 139. Calculate the remainder when 97 is divided by p.
7
Let z(f) = -2*f**2 + 54*f + 10. Let u be z(27). Calculate the remainder when 118*(u/1)/5 is divided by 24.
20
Suppose -5*c = 2*p - 890, -5*p - 51*c = -46*c - 2180. Calculate the remainder when p is divided by 55.
45
Let s be 6 + (0 - 1)*3. Suppose 2*j + 3*q + 23 = s*j, 4*q - 56 = -2*j. Calculate the remainder when 72 is divided by j.
20
Let w(l) = 2*l**3 - 44*l**2 + 244*l + 12. What is the remainder when w(19) is divided by 11?
7
Suppose 2*g = -6, 4*t - 451*g - 306 = -449*g. Calculate the remainder when 365 is divided by t.
65
Suppose 393 = 3*h - 5*z, -146 - 5 = -h + 5*z. Calculate the remainder when 1692 is divided by h.
119
Suppose -5*q = 3*u - 1, 3*u - 6*u = -q + 11. Let t be ((24 - -3) + 0)/1. Let d = t - q. Calculate the remainder when d is divided by 7.
4
Let o = -10997 + 11036. What is the remainder when 2607 is divided by o?
33
Let q(p) = -p**3 - 17*p**2 - 14*p + 74. Calculate the remainder when q(-18) is divided by 643.
7
Let q = 3 + 4. Suppose 0 = t, -3*p + 4*t + 159 = 2*t. Suppose -2*g = -10, 2*h + 5*g = p - 20. Calculate the remainder when q is divided by h.
3
Let v be 1 + 3 - 403/(-13). Suppose -5*b + 3*j - j = -v, -4*b = -5*j - 45. Calculate the remainder when -15*((-44)/(-12) - 4) is divided by b.
0
Let q be (58/4 + 5)*-2. Let n = q + -497. What is the remainder when 83 is divided by (-4)/(-18) + n/(-18) + -1?
25
Let u be 1 - ((-3)/(-3) + 472). Let m = u - -670. What is the remainder when m is divided by (41 - (0 - -2)) + 1?
38
Suppose 2*u + i - 586 = 0, -5*i - 60 = -2*u + 502. Let j = 18 + u. What is the remainder when j is divided by 63?
57
Suppose 78*w - 14*w - 166367 = -9*w. Calculate the remainder when w is divided by 57.
56
Calculate the remainder when ((-88)/704 - (-2382)/(-16))*(-2)/2 is divided by 126.
23
Let b(z) = -270*z + 58. What is the remainder when 405 is divided by b(0)?
57
Let i be 2/(-3)*(111/(-6) + -1). Suppose i*c = 16*c + 36. Let u = c - -34. What is the remainder when 108 is divided by u?
20
Suppose -4932*a = -4944*a + 7764. Calculate the remainder when a is divided by 54.
53
Let u = -146 - -283. Let h = u + -126. What is the remainder when 142 is divided by h?
10
Suppose 0 = 2*u + c - 28 - 69, -5*u + 245 = 5*c. Suppose 18 = 6*q - u. Suppose 0 = -3*s - 8 + 29. What is the remainder when q is divided by s?
4
What is the remainder when 346 - 0 - (-24 + 17 - 2) is divided by 89?
88
Suppose -16*r + 12252 = 3*m - m, -2*m + 1528 = 2*r. Calculate the remainder when r is divided by 64.
62
Suppose 3*y = 3, y - 209 + 590 = 2*f. What is the remainder when f is divided by 49?
44
Calculate the remainder when 44 + (9*7/(-7) - -7) is divided by 23.
19
Let f(d) = -5*d + 32. Let t be f(6). Suppose -t*g + 10 = -2. Suppose -2*n - 3 = 2*p - 5*p, -p - g = -3*n. Calculate the remainder when 4 is divided by n.
1
Let q = -40 - -46. Suppose 5*r - q = -1. Calculate the remainder when 5*r*(-90)/(-6) is divided by 19.
18
Suppose 228*f - 484*f + 3680 = -233*f. Calculate the remainder when 392 is divided by f.
72
Let u(b) be the second